divisor of n and 13?
13
Let k(p) = -30*p + 304. Let t(z) = 20*z - 202. Let c(u) = -5*k(u) - 8*t(u). Let i be c(0). What is the highest common factor of i and 24?
24
Let r be (30/45)/((-1)/(-3)). Let k = 927 - 920. What is the greatest common factor of r and k?
1
Let w = 391 - 6. Calculate the greatest common divisor of 70 and w.
35
Suppose 5*h = 3*k + 303, 3*h - 27*k = -28*k + 179. Calculate the highest common divisor of h and 1065.
15
Suppose 4*f = m + 491, 225 = 3*f + 2*m - 157. Suppose -2*s = -c + 36, 4*c - 3*s - s = f. Calculate the greatest common factor of c and 65.
13
Let d(b) = 10*b + 409. Let m be d(-39). What is the greatest common factor of 304 and m?
19
Suppose 7*p + 4 = -3. Let x be 4/8 - p/((-6)/(-45)). Calculate the greatest common factor of x and 16.
8
Suppose q + 3 - 68 = 0. Let h be 1/(-2)*-13*2. Calculate the greatest common factor of q and h.
13
Let x(z) = 5*z + 25. Let l be x(-17). Let y = 115 + l. Calculate the greatest common divisor of 5 and y.
5
Let o(g) = -120*g + 21. Let r be o(-7). Suppose 0 = -2*h - 4*c + 342, 0 = 3*h + c - r + 353. Calculate the highest common divisor of 13 and h.
13
Let v be -3 + 8 - (-2 + 6). What is the greatest common factor of v and 4?
1
Suppose 5*q + 30 = 5*t, t - 2*t = -4*q - 9. Let o be ((-3 - -7) + -3)*t. Calculate the highest common factor of o and 35.
5
Let y(x) = x**3 + 7*x**2 + 8*x + 15. Let d be y(-6). Let w(s) = -1 - 1 - d*s**2 + 5*s**2. Let k be w(2). What is the greatest common divisor of 36 and k?
6
Let y(o) = 9*o + 21. Let f be y(-11). Let u = -17 + f. Let l be 1 + (-3 - (-3 + u)). What is the highest common factor of l and 12?
12
Let n = 160 - 115. What is the greatest common divisor of n and 153?
9
Suppose 0*l - 3*r = -5*l + 2068, -1264 = -3*l - 4*r. Calculate the greatest common factor of 32 and l.
32
Let l = 20 - 11. Suppose -v - 40 = -l*v. Calculate the highest common divisor of 45 and v.
5
Let c(l) = 48*l + 364. Let y be c(-6). Calculate the highest common factor of y and 171.
19
Let o = -101 - -127. Let z(v) = 2*v**2 + 9*v + 8. Let a be z(-6). Calculate the highest common divisor of a and o.
26
Let x = -100 - -168. Suppose -58 - x = -s. What is the greatest common divisor of s and 18?
18
Let h be ((-22)/(-4))/(6/12). Suppose 8 = h*b - 10*b. Calculate the highest common factor of b and 1.
1
Let a(g) = -g**2 - 24*g + 41. Let b be a(-17). What is the greatest common divisor of b and 32?
32
Suppose 137 - 37 = 5*y. Let i = 133 - 33. What is the greatest common divisor of y and i?
20
Suppose 0*f - 3*f = 5*i - 14, 3*f - 3*i - 6 = 0. Let n(d) = -2*d + 2. Let a be n(f). Let w be 0 + (-12)/(1 + a). What is the highest common divisor of w and 2?
2
Let v = -2 - -11. Suppose 0*g = g + 2, 0 = -3*f + g + 11. Let d(j) = -j**3 + 5*j**2 - 4*j. Let m be d(f). Calculate the greatest common divisor of m and v.
3
Suppose -2*x = -3*d + 872, 6*x - 8 = 2*x. Calculate the greatest common divisor of 219 and d.
73
Suppose 0 = -2*r - c - 47, -2*c + 21 = 5*r - 6*r. Let x = 43 + r. Calculate the highest common divisor of x and 8.
4
Suppose 3*x = 7 + 68. Suppose 4*i - w - 306 = -3*w, 4*i = -w + 303. Calculate the greatest common factor of i and x.
25
Suppose -2*w - 35 = 5. Let k(p) = p**2 + 19*p - 8. Let v be k(w). What is the greatest common divisor of 60 and v?
12
Suppose 4*j + 24 = -4*q, 5*j + 3 + 25 = -4*q. Let l = 19 - q. Let a = l - -59. Calculate the greatest common divisor of a and 10.
10
Let t = -867 + 882. What is the greatest common divisor of 1065 and t?
15
Suppose -1 = 5*v + 3*d - 2, -v - 1 = d. Suppose -7*x = 5*s - 3*x - 998, 404 = v*s + 4*x. What is the greatest common divisor of 18 and s?
18
Let m = 938 + -796. What is the highest common divisor of 4 and m?
2
Suppose -2*b = -u - 22, 5*u - 13 = -4*b + 45. Calculate the greatest common divisor of b and 324.
12
Let g be (-12)/(-9)*3/2. Suppose 2*x - b - 3 = 27, 5*x - 66 = -g*b. Suppose p = -p + 28. What is the greatest common factor of x and p?
14
Suppose -31*z + 3001 = 25. Suppose -2*o = -7*o + 60. Calculate the highest common divisor of z and o.
12
Let k(h) = -h**2 + 5*h + 1. Let n be k(3). Suppose -12 = 4*d, -4*i = -n*i - 2*d + 735. What is the greatest common factor of 19 and i?
19
Let k(l) = -l**3 - 3*l**2 + 5. Let s be k(-3). Suppose 4*h + s = 5*h. Suppose h*z = 83 - 23. What is the greatest common divisor of 3 and z?
3
Let u = -28 - -64. Let x = -5 + 8. Suppose -4*d = 3*a - 33, 6*d - 4*d + x*a - 9 = 0. Calculate the highest common divisor of d and u.
12
Let p = -189 + 816. Let i = p + -420. What is the highest common factor of 23 and i?
23
Let o(b) = -b**3 + 15*b**2 + 14*b + 27. Let j be o(16). Let g be (-68)/j - (-10)/25. Calculate the greatest common factor of g and 7.
7
Suppose 2*k = -5*f - 0*f + 12, -k = -3*f + 16. Let u(m) = m**3 + 5*m**2 - 6*m - 5. Let t be u(k). What is the greatest common divisor of 5 and t?
5
Suppose 4*p - 100 = 60. What is the highest common factor of p and 8?
8
Let z = -3 - -7. Suppose -z - 5 = -3*r. Suppose 4*d + 42 = 9*d + 4*l, 0 = -d - r*l + 15. What is the greatest common divisor of d and 54?
6
Let v(a) = -a**3 + 2*a**2 + 5*a - 4. Let z be v(3). Suppose 0 = x + z*x - 4*h - 188, -3*h = 6. What is the greatest common factor of 40 and x?
20
Let k(p) = p**3 + p**2 + 2*p + 2. Let u be k(-2). Let a be (8 - 6)*(-195)/u. What is the greatest common factor of 13 and a?
13
Let p = 17 - 15. Let o be 6/(-9)*(-12)/p. Suppose -o*l = -159 + 55. Calculate the greatest common factor of 39 and l.
13
Let h(b) = -127*b + 56. Let v be h(-3). Calculate the highest common divisor of v and 19.
19
Let i(q) = -q**3 - q**2 - q + 32. Let h be i(0). What is the greatest common divisor of h and 512?
32
Let m = 1268 - 1021. Calculate the highest common factor of m and 19.
19
Let n = -9 - -809. Suppose -n = -9*x + 190. What is the highest common divisor of x and 10?
10
Suppose -5*f - 25 = -0*f. Let p be (f/(-2))/(13/338). Suppose 4*j = 3*u - p, -2*j - 16 = -6*j. Calculate the highest common factor of 297 and u.
27
Let w(m) be the third derivative of -m**5/60 + 11*m**4/24 - 2*m**3/3 + 2*m**2. Let x be w(7). Calculate the highest common factor of 192 and x.
24
Suppose 368 + 784 = 4*l. Calculate the highest common divisor of l and 18.
18
Suppose 0 = -3*b - 5*d + 2996, -b + 45*d - 44*d + 988 = 0. What is the greatest common divisor of b and 620?
124
Let u = -47 + 89. Let t be (-8 - 8)/(2/(-7)). What is the highest common divisor of t and u?
14
Let i(g) = 23*g**3 + g**2 + 2*g - 12. Let w be i(2). What is the highest common factor of 40 and w?
20
Let s(x) be the third derivative of x**4/12 - 10*x**3/3 - 6*x**2. Let j be s(11). Suppose -j*y + 16 = -32. What is the greatest common factor of y and 6?
6
Suppose 0 = -2*g - 3*g. Suppose -6*s = -g - 78. Calculate the greatest common divisor of s and 143.
13
Let l(z) = -z**2 + 2. Let a be l(0). Let w be 4 + (a - -1 - -209). What is the greatest common factor of 24 and w?
24
Let i = 30 - 9. Suppose -2*t + b = 2*b - 136, 4*t - 268 = -3*b. Let c = t - 67. What is the highest common divisor of i and c?
3
Let w = -10 + 13. Suppose -3*q - w*i = -246, -2*i = 5*q - 264 - 143. Let m be ((-27)/(-12))/(1/4). What is the highest common divisor of q and m?
9
Suppose 4*x = 20, -5*x = -0*i - i - 14. Suppose 120 = 5*q - 0*z - 2*z, -37 = -q + 3*z. Calculate the greatest common factor of i and q.
11
Let z be (-4)/(-10 + 11)*(-2 - -1). Suppose 0 = 3*h - 12, -3*y + 11 + 13 = 3*h. What is the highest common divisor of z and y?
4
Let l = 116 + -77. Suppose l = 5*n - 1. What is the highest common divisor of n and 32?
8
Let p = 74 + -63. Let r = 73 - p. What is the highest common divisor of r and 31?
31
Suppose -5*k - 7 = -17. Suppose 298 = 4*g - 7*w + k*w, 235 = 3*g + 2*w. What is the greatest common factor of 7 and g?
7
Let f be 1*(-84)/(-16)*20. Suppose 0*t - t + 38 = -2*g, 3*t - f = -3*g. Calculate the highest common factor of t and 24.
12
Suppose -120*a = -130*a + 770. What is the highest common divisor of a and 33?
11
Suppose -1513 = -5*w - l, 2*w + l = -19 + 623. What is the greatest common factor of w and 404?
101
Let r be 10 + 17 + -11 + -11. What is the highest common factor of r and 505?
5
Let d(k) = 4*k**2 - 37*k - 24. Let m be d(10). Calculate the highest common factor of m and 4.
2
Let l(z) = -104*z**3